factors of t(-62).
2, 29
Let k be 2/10 - 12/60. Suppose k*h = -5*q - 3*h + 186, 2 = h. What are the prime factors of 567/q - (-3)/(-4)?
3, 5
Suppose r = -4*d + 47 + 58, 0 = -3*r + 4*d + 267. Let o = r - 3. What are the prime factors of o?
2, 3, 5
Suppose 0 = -5*a + 19 - 4. Suppose a*d = 15 + 21. List the prime factors of d.
2, 3
Let l(v) = v**3 + v**2 + 5*v + 8. Let y be l(6). Suppose h - 6*h + y = 0. Let c = -32 + h. What are the prime factors of c?
2, 13
Let c be (0 + 0)/(0 + 2). Suppose c = -5*u - 5*f + 125, -4 = -f - 1. List the prime factors of u.
2, 11
Let j be (46*3/(-24))/((-6)/(-24)). Let r = -5 - j. List the prime factors of r.
2, 3
Let h(r) = r**2 + 2*r + 1. Let c be h(-3). Suppose 8695 = -4*b + 3*g, -6543 = -b + c*b + 5*g. List the prime factors of b/(-52) - 6/(-39).
2, 3, 7
Let t(y) = 5*y + 6. Let h be t(-4). Let a = h - -6. What are the prime factors of 1/((-2 - 0)/a)?
2
Suppose 5 - 133 = -4*h. Let j = 26 + h. List the prime factors of j.
2, 29
Suppose -4*x - 247 - 101 = 0. Let k = 384 + x. What are the prime factors of k?
3, 11
Suppose 0 = 330*z - 334*z + 1688. What are the prime factors of z?
2, 211
Let o = 16 + -23. Let l(u) = -7*u + 2*u**2 + 0*u + 8*u + 5*u - 9. What are the prime factors of l(o)?
47
Let b(h) = 6 + 11*h - h**2 - 9 - 3. Suppose 2*y - 2*j - 16 = -4*j, -y = 4*j - 14. What are the prime factors of b(y)?
2, 3
Suppose 5*p = -72 + 487. Let b = 136 - p. List the prime factors of b.
53
Let b(r) = 4*r. Let j be b(1). Suppose -1 = 4*k + 2*x - 17, -j*x = 0. Suppose -65 = -k*l - 9. List the prime factors of l.
2, 7
Let h(v) be the first derivative of -13*v**2/2 - 15*v - 28. List the prime factors of h(-5).
2, 5
Let g = -58 + 103. Suppose 3*q - 5*q + 64 = -i, -97 = -3*q + 2*i. Let x = g - q. What are the prime factors of x?
2, 7
Let h = 2 - -1. Suppose -8 = h*z + 7. List the prime factors of 5/2*(-28)/z.
2, 7
Suppose -3*p + 3353 - 623 = 0. Suppose 3*r + j = -j + p, -j - 295 = -r. Suppose -4*y - y = -r. List the prime factors of y.
2, 3, 5
What are the prime factors of 3/9 - 25524/(-54)?
11, 43
Suppose 5*r + 772 = p - 4*p, 3*r - 2*p + 448 = 0. Let j = r - -287. List the prime factors of j.
3, 5
Let i(f) = 2*f - 3. Let b(a) = a + 2. Let l be 8/2 - 9/(-3). Let h be b(l). List the prime factors of i(h).
3, 5
Let r = -1252 - -2558. What are the prime factors of r?
2, 653
What are the prime factors of (-793 + -14)*(2 + -3)?
3, 269
Let n(x) = 4 + 3*x**2 - 3 + 0 - 4*x**2 - 166*x**3. What are the prime factors of n(-1)?
2, 83
Suppose 5*f - m - 145 = 0, 2*m + 122 + 0 = 4*f. Let p = f - 22. List the prime factors of p.
2, 3
Let w be (-1 - -49)*(-5)/10. Let v = 71 + -36. Let k = v + w. List the prime factors of k.
11
Suppose 3*c + 1 = 5*r - 14, -c = 3*r - 9. Suppose c = -4*a + 148 + 60. What are the prime factors of a?
2, 13
Let s = 51 + -42. Suppose 3*c - 93 = s. List the prime factors of c.
2, 17
Let n(i) = -63*i + 14. List the prime factors of n(-10).
2, 7, 23
Let y = -271 - -193. Let q be 4/(-8) - 214/4. Let s = q - y. What are the prime factors of s?
2, 3
Suppose 3 = q - 7. Suppose 0 = -3*x - 5*j + 7, -j + 3 = -4*j. What are the prime factors of ((-88)/(-20))/(x/q)?
11
Let c = 24 + -17. Suppose c*j = -6*j + 2366. List the prime factors of j.
2, 7, 13
Suppose 0 = -5*g - 2*i + 33, 5*i = -2*g + 2*i + 22. Suppose 0 = -g*u + 2*u. Suppose 0*d + 4*d - 32 = u. What are the prime factors of d?
2
Let n(b) = -117*b + 135. List the prime factors of n(-10).
3, 5, 29
Suppose -155 = -3*k + 1. Let d(p) = -2*p**2 - 31. Let m be d(0). Let f = k + m. What are the prime factors of f?
3, 7
Let b be (-3)/(-15) + 297/15. Suppose 9*k - 4*k = -b. List the prime factors of (1 - -3)/k + 5.
2
Let b = 90 + -162. Let l = b + 130. What are the prime factors of l?
2, 29
Let y be 6/(-9) - (-798)/9. Let x = y + -26. List the prime factors of x.
2, 31
Suppose -9*p = 67 - 22. What are the prime factors of 74 - (40/p)/(-2)?
2, 5, 7
Let b = -23 - -93. Let h = b + -38. Suppose 4*i - 2*i - h = 0. What are the prime factors of i?
2
Suppose 4*r - 2*n - 11500 = -3*n, -5*n + 2856 = r. List the prime factors of r.
2, 719
Suppose -4*c - 4*q + 7768 = 0, 2*c = 5*q + 4246 - 397. What are the prime factors of c?
13, 149
Let k = 46 + -51. Let f(q) = q**2 - 5*q - 12. List the prime factors of f(k).
2, 19
Suppose 0 = -5*r - 3*g + 21, 3*g - g = -5*r + 19. Suppose 8 = 5*s - r*s. Suppose 120 = 4*u - 5*l, u = -s*u - l + 121. What are the prime factors of u?
5
Suppose -3*a = -2*a - 4, p - 22 = -4*a. Let m(l) = -2*l**2 + 8*l + 2 + 7*l**2 - l**3 - 4. List the prime factors of m(p).
2, 5
Let t(d) = d**3 - 15*d**2 - 25*d - 3. Let a be t(17). Suppose -g - 2*g - a = -3*i, 214 = 5*i + 4*g. What are the prime factors of i?
2, 23
Let f = 2 + -4. Let a be (48/96)/((-146)/(-144) - 1). What are the prime factors of (27/a)/(f/(-24))?
3
Let m be ((-1)/1)/(2/138). Let s = m - -118. Let g = s - 23. What are the prime factors of g?
2, 13
Let c = 14 - -31. What are the prime factors of ((-80)/3)/((-51)/c - -1)?
2, 5
List the prime factors of (-9 - 0)/18 - (-1151)/2.
5, 23
Suppose 0 = k - 2*k - 3*c + 3, 0 = -3*k + 4*c + 22. Suppose i + 20 = k*i. Suppose -4*a + i*f = -3*a - 26, -4*a + 5*f = -60. List the prime factors of a.
2, 5
Let b be 0 - (3 + (1 - 18)). Let n = b + -13. What are the prime factors of ((-1)/2)/(n/(-34))?
17
Let w(k) = -21*k + 4. Suppose 4*f + 17 = 49. Suppose -19 = 2*y - 3*a + f*a, y - 4*a - 10 = 0. List the prime factors of w(y).
2, 23
Suppose 2*s - 2*q + 0*q - 508 = 0, -4*s = -q - 1016. What are the prime factors of s?
2, 127
Suppose 0*o + 30 = -3*o. List the prime factors of (18/o)/((-11)/935).
3, 17
Suppose 0 = 5*q + 10, 0*f = -3*f + 3*q + 15. Suppose 0 = f*g - 5 - 55. What are the prime factors of g?
2, 5
Let j be ((-2)/(-2))/((-3)/(-36)). Suppose 265 = 17*q - j*q. List the prime factors of q.
53
Let p = -130 + 132. List the prime factors of (-2*4/12)/(p/(-471)).
157
Let g(o) = o + 107. Suppose -7*v = -6*v. List the prime factors of g(v).
107
Let i(t) = -t**2 + 5*t**2 - 2*t**2 + 6 + 4*t - t**2. Let p be (80/50)/(4/(-10)). List the prime factors of i(p).
2, 3
Let i = 77 + 27. Suppose -5*r - 3*z + 150 = -66, -3*z = 3*r - 126. Let m = i - r. List the prime factors of m.
59
Suppose 2*g - 5*g - 4*k = 22, -3*g = 5*k + 17. Let i(u) = u + 17. Let n be i(g). Suppose 0*j - 39 = -n*j. What are the prime factors of j?
13
Suppose 0 = y - 572 + 172. List the prime factors of y.
2, 5
Let n = 59 - 56. List the prime factors of ((183/2)/n)/(1/2).
61
Let l = -28 - -32. Suppose -3*a + l*i + 70 = 0, -8*i - 93 = -4*a - 3*i. What are the prime factors of a?
2, 11
Let s be 4/12*6/2. List the prime factors of s/3 - 284/(-3).
5, 19
Let y be (-3)/(-2) - (-42)/12. Let d = 19 + y. List the prime factors of d.
2, 3
Suppose l = 7 - 7. Suppose -3*r + 26 + 28 = l. List the prime factors of r.
2, 3
Suppose 184*f - 150*f - 122706 = 0. What are the prime factors of f?
3, 401
Let a(y) = 119*y - 8. What are the prime factors of a(2)?
2, 5, 23
Suppose -6*v + 791 = -403. What are the prime factors of v?
199
Let d = -30 + 45. Suppose d*l - 350 = 5*l. What are the prime factors of l?
5, 7
Let w(b) = b**3 + 10*b**2 - 12*b + 6. Let x be w(-11). Let r(j) = -j + 18. Let i be r(x). What are the prime factors of (87 + 1)/(1 + i)?
2, 11
Suppose -17*t + 1323 = 3*c - 20*t, -t + 1335 = 3*c. What are the prime factors of c?
2, 3, 37
Let d be 6 + -3 - (-5 + 4). Suppose -54 = -3*s + l - 20, -d*l = 16. What are the prime factors of s?
2, 5
Suppose -4*f + 742 = 102. Suppose 2*z + f = 4*z. What are the prime factors of z?
2, 5
Let w(q) = -q**3 + 6*q**2 + 6*q + 9. Let l be w(7). Let g(p) = 15*p**2 - 2*p - 14*p**l + 4 + p. List the prime factors of g(-3).
2
Let y(g) = g**2 - 5*g + 3. Let m be y(6). Suppose p - h - 8 = 0, -2*h = h + m. Suppose -p = -2*r + 51. List the prime factors of r.
2, 7
Suppose -3*w = -1742 - 466. What are the prime factors of w?
2, 23
Let q(k) = 4*k + 3. Let d be q(0). Suppose -1833 = -10*b - d*b. List the prime factors of b.
3, 47
Let q = 232 + -212. What are the prime factors of q?
2, 5
Let u be 0/20 + 1/((-1)/(-3)). Suppose u*q - 5*i = 5*q - 59, 0 = -5*q + 4*i + 131. List the prime factors of q.
3
Let q = 7 + -10. Let t be 396/(-30)*45/(-18). Let l = q + t. What are the prime factors of l?
2, 3, 5
Let d(t) = -